15
Let c = -60 - -85. Suppose 3*y - 3*q - 32 = c, -10 = -5*q. What is the remainder when 36 is divided by 178/14 - (-6)/y?
10
Suppose -61 = 2*u + 4*n - 879, -4*u - n = -1615. Calculate the remainder when u is divided by 9.
7
Let h = -24 + 40. Suppose -23 = -i + h. Calculate the remainder when i is divided by 10.
9
Let z(p) = p**2 - 11*p + 6. Let v be z(7). Let l = v - -34. Let h = -3 + 49. Calculate the remainder when h is divided by l.
10
Let a = -2211 - -2229. Let x(r) be the first derivative of 7*r**2/2 - r + 1. Calculate the remainder when x(5) is divided by a.
16
Let g = 5 + -3. Suppose -l - 15 + 4 = 0. What is the remainder when (2 - 1 - l) + g is divided by 4?
2
Calculate the remainder when 148 is divided by 1/((-807)/(-201) + -4).
14
Calculate the remainder when 64 is divided by 22/(-4)*1440/(-330).
16
Let g = 178 + -89. Suppose 91*x = g*x + 8. What is the remainder when 57 is divided by x?
1
Let g = 0 + -8. Calculate the remainder when 4*((-34)/g + -3) is divided by ((-1)/(-5) + -1)/(37/(-185)).
1
Suppose -327 + 39 = -9*t. Calculate the remainder when 317 is divided by t.
29
Let q(n) = -n**3 + 25*n**2 + 2*n + 92. What is the remainder when q(25) is divided by (-12)/(-9)*(34 - -2)?
46
Let s(h) = -10*h + 16. Let n be s(-10). Let w = n + -68. What is the remainder when w is divided by 13?
9
Let p(a) = -a + 6. Let x be p(7). Suppose -3*y - 5*r + 37 = -19, 58 = 3*y + 4*r. Calculate the remainder when y is divided by x/10*-122 - (-6)/(-30).
10
Let y = 33 - 34. Calculate the remainder when y/5 - 222/(-10) is divided by 8.
6
Let h = -59 - -148. Suppose 0 = -4*k - 18 + 22, 2*b - 29 = -3*k. What is the remainder when h is divided by b?
11
Suppose -4*l = 4*p - 36, 32*l = p + 31*l - 3. Suppose 0 = 3*x - 4*x + 7. Calculate the remainder when x is divided by p.
1
Suppose 91 = 5*u + 3*p + p, 5*u - p = 96. Suppose -u = -5*j - 2*o + 23, -3*j + 2*o = -38. What is the remainder when 17 is divided by j?
7
Suppose 3*o - 66 = 2*t, 2*t = 5*t. Suppose n + 4*n - 52 = 4*w, -n - w + 5 = 0. What is the remainder when o is divided by n?
6
Suppose -103*t + 102*t - 155 = 0. Let l = -138 - t. Calculate the remainder when l is divided by 8.
1
Suppose 558*u - 591*u = -18183. Calculate the remainder when u is divided by 24.
23
Let u(g) = g**2 - 4*g - 3. Let q be u(5). Suppose -182 = -9*n + q*n. What is the remainder when 126 is divided by n?
22
Let g be (-11 - -9) + 0 + 2. Suppose g = 5*b - 0*b - 20. Suppose -4*x = 5 - 25. Calculate the remainder when x is divided by b.
1
Suppose -2*p - 9 = -5*p. Let m = 30 + -4. Calculate the remainder when (p/(-2))/(24/(-1616)) is divided by m.
23
Let i be 6/(0 + -2 + 4). Let f(r) = 3*r**3 - 4*r**2 + 7*r - 4. What is the remainder when f(i) is divided by 16?
14
Suppose l + 60 = 4*l. Suppose -5*m - l = -0*d - 5*d, -4*m + 2 = -d. Calculate the remainder when d is divided by 3.
0
Calculate the remainder when (1 + -543)*(-2)/2 is divided by 39.
35
Suppose 7*j = 9*j - 2. Suppose -o + 6 = -4*b, -2*o = -5*b - j - 11. Calculate the remainder when 16 is divided by o.
4
Let q(p) be the second derivative of -p**4/12 - 8*p**3/3 - 5*p. Let v = 31 - 23. What is the remainder when q(-15) is divided by v?
7
Let s be (0 + (-4)/5)/(52/(-1170)). Suppose 13*l + 225 = s*l. Suppose -11 - 49 = -5*i. What is the remainder when l is divided by i?
9
Suppose 20*m = 18*m + 52. Let d = 175 + -168. Calculate the remainder when m is divided by d.
5
Suppose 2*j - 3*l = 81, -5*j + 4*j - 3*l + 18 = 0. Suppose 0 = -v + 11 + 10. What is the remainder when j is divided by 3/(-2)*(-238)/v?
16
Let c = 248 - 150. Suppose 0 = 32*i - 29*i - 3*g - 102, i + 2*g = 34. What is the remainder when c is divided by i?
30
Suppose -5*a + 10 = 0, b - a - 53 = -17. Let j = -60 - -140. Let n = j + -7. Calculate the remainder when n is divided by b.
35
Let s(a) be the second derivative of a**5/2 - a**3/6 - a**2/2 + 26*a. Calculate the remainder when s(2) is divided by 20.
17
Let u = 1285 - 1278. Calculate the remainder when 19 is divided by u.
5
Suppose 47 = 5*v - 4*v + 2*b, -3*b + 3 = 0. Calculate the remainder when v is divided by 43.
2
Let f = -2083 - -2116. What is the remainder when 87 is divided by f?
21
Suppose 5*q + 4*u + 414 + 37 = 0, 5*u = 5. Let d = -51 - q. Let t = d + 25. Calculate the remainder when t is divided by 17.
14
Let h = -94 + 102. Let p(j) = -4*j + 41. Calculate the remainder when 30 is divided by p(h).
3
Let h = 378 - 197. What is the remainder when h is divided by 51?
28
Let w(c) = 5*c - 61. Let p be w(13). Suppose 2*b = p*o - 24, -4*o + 9*o - 17 = -4*b. Calculate the remainder when o is divided by 4.
1
Calculate the remainder when 235 is divided by 56/5*(-250)/(-200).
11
Suppose 4*b + 26 - 10 = 0. Let c = -13 + 39. What is the remainder when c is divided by (1 - 10/b)*4?
12
Let k = -32 + 36. Let f = -1 + 5. Suppose f = 5*d - 6. What is the remainder when k is divided by d?
0
Calculate the remainder when 52/91 - (-661)/7 is divided by 26.
17
Suppose 3*x - 17 = 142. Let s = -64 + 201. Suppose s = 5*t + z - 0*z, -116 = -4*t - 4*z. Calculate the remainder when x is divided by t.
26
What is the remainder when (-220)/16*(-104)/65 is divided by 15 + 4*(-3)/6?
9
Suppose -d - 7*d = -3*d. Suppose d = 6*h + h - 301. Calculate the remainder when 128 is divided by h.
42
Suppose 18 = n - 10*n. What is the remainder when n/((6/89)/(-3)) is divided by 15?
14
Suppose 20 = b + 18. Suppose -4*d - 2*n + 44 = 0, b*d + n - 34 = -3*n. Calculate the remainder when d is divided by 5.
4
Suppose 15 = 4*v + 3. Suppose -v*w - 27 = 15. What is the remainder when 38 is divided by (-200)/w + 4/(-14)?
10
Let u = 148 + -86. Let t(f) = -2*f**3 - 43*f**2 + 19*f - 53. Calculate the remainder when u is divided by t(-22).
10
Suppose 0 = 5*b - 0*b - 35. Suppose 5*g + 14*g = 247. What is the remainder when g is divided by b?
6
Let v = 242 - 151. Suppose v + 14 = 5*o. Suppose j - 2*r = -7*r + 29, 3*r = 4*j - 162. What is the remainder when j is divided by o?
18
Let t = 124 + -70. Let s = -42 + t. Calculate the remainder when s is divided by 3.
0
Suppose 3*m - 2 = 7. Suppose -n = -m*d - 14, -3*n + 5*n = -5*d + 17. Calculate the remainder when 19 is divided by n.
8
Let j(a) = -2*a**2 - 37*a + 5. Let h(l) = l**2 + 18*l - 3. Let y(b) = 5*h(b) + 3*j(b). What is the remainder when y(-6) is divided by 23?
21
Suppose -i + 2 = -0*i. Let s be i*(-1 + 3) - 4. Suppose s = 5*g - 3*g - 188. Calculate the remainder when g is divided by 24.
22
Let w(x) = 9*x**2 + 4*x + 7. Let m(k) = -k + 19. What is the remainder when w(-3) is divided by m(6)?
11
Let p = 102 - 99. Suppose -2*s = -k - 0*k + 17, -3*k - p*s + 42 = 0. What is the remainder when 56 is divided by k?
11
Let n = -299 + 317. What is the remainder when 45 is divided by n?
9
Let s = -333 - -352. Let g(v) = -v**2 - 14*v + 14. Calculate the remainder when g(-10) is divided by s.
16
What is the remainder when 20 is divided by -1 + 0 + (20 - 15)?
0
Suppose 0 = 58*v - 61*v - s + 69, 3*v - 3*s - 57 = 0. What is the remainder when 1251 is divided by v?
19
Let b be (-12)/3 + (1 - -5). Suppose -8 = -2*g, 5*x - 143 = 2*x - b*g. What is the remainder when x is divided by 12?
9
Suppose -3*m + 2*m = -7. Let v(l) = 8*l**2 + 0 - 5*l - 1 - l**3 - 2 + 2. What is the remainder when 24 is divided by v(m)?
11
Suppose -3*n = 2*h - 3, -4*h + 4*n + 23 - 7 = 0. Suppose -14 = -3*k - g, 7*k - h*g = 4*k + 30. What is the remainder when 15 is divided by k?
3
Suppose 0 = 4*n - 20, 0 = 4*h + 4*n - 359 + 7. Suppose 3*f - 75 = -5*g + g, 3*f - g - 90 = 0. Calculate the remainder when h is divided by f.
25
Let b(j) = -17*j**3 - 11*j**2 - 17*j - 4. Calculate the remainder when b(-2) is divided by 6.
2
What is the remainder when 86395/74*(-4)/(-5) is divided by 24?
22
Let k = 3135 + -2635. Calculate the remainder when k is divided by 9.
5
Let x = 48 + -16. Suppose -6*b + 10*b = x. Calculate the remainder when 37 is divided by b.
5
Let v = -15 - -20. Let k(g) = 35 - g - v*g - 42. What is the remainder when k(-6) is divided by 6?
5
Calculate the remainder when 151 is divided by -149*(-2)/(-14)*-7.
2
Let w = 16 - 20. Let s = w + 19. Suppose -92 = -2*o + 142. Calculate the remainder when o is divided by s.
12
What is the remainder when 354 is divided by ((-60)/(-14))/(-5 + 1573/308)?
34
Let v = -2